 when 607 is divided by 64?
31
What is the remainder when 1354 is divided by 444?
22
Calculate the remainder when 76 is divided by 24.
4
What is the remainder when 115 is divided by 13?
11
What is the remainder when 15 is divided by 14?
1
Calculate the remainder when 3790 is divided by 34.
16
Calculate the remainder when 70 is divided by 15.
10
Calculate the remainder when 458 is divided by 96.
74
Calculate the remainder when 269 is divided by 103.
63
What is the remainder when 588 is divided by 22?
16
Calculate the remainder when 4127 is divided by 129.
128
What is the remainder when 229 is divided by 214?
15
Calculate the remainder when 4994 is divided by 996.
14
What is the remainder when 83715 is divided by 9?
6
What is the remainder when 406 is divided by 103?
97
Calculate the remainder when 214 is divided by 33.
16
Calculate the remainder when 228 is divided by 60.
48
What is the remainder when 326 is divided by 30?
26
What is the remainder when 853 is divided by 217?
202
Calculate the remainder when 1929 is divided by 46.
43
What is the remainder when 1559 is divided by 502?
53
Calculate the remainder when 365 is divided by 213.
152
What is the remainder when 991 is divided by 71?
68
What is the remainder when 5297 is divided by 61?
51
What is the remainder when 99 is divided by 20?
19
Calculate the remainder when 468 is divided by 69.
54
Calculate the remainder when 10285 is divided by 70.
65
What is the remainder when 102 is divided by 30?
12
What is the remainder when 127 is divided by 7?
1
Calculate the remainder when 2058 is divided by 685.
3
Calculate the remainder when 81 is divided by 73.
8
What is the remainder when 562 is divided by 44?
34
What is the remainder when 1352 is divided by 302?
144
What is the remainder when 35 is divided by 23?
12
Calculate the remainder when 1296 is divided by 2.
0
Calculate the remainder when 1703 is divided by 91.
65
Calculate the remainder when 477 is divided by 64.
29
What is the remainder when 451 is divided by 26?
9
What is the remainder when 44 is divided by 24?
20
Calculate the remainder when 4260 is divided by 26.
22
What is the remainder when 97 is divided by 61?
36
Calculate the remainder when 82 is divided by 6.
4
Calculate the remainder when 613 is divided by 104.
93
Calculate the remainder when 227 is divided by 11.
7
What is the remainder when 8641 is divided by 67?
65
What is the remainder when 1725 is divided by 54?
51
Calculate the remainder when 712 is divided by 499.
213
What is the remainder when 4 is divided by 3?
1
Calculate the remainder when 117 is divided by 32.
21
What is the remainder when 6 is divided by 5?
1
Calculate the remainder when 2697 is divided by 270.
267
What is the remainder when 52 is divided by 13?
0
What is the remainder when 4201 is divided by 9?
7
Calculate the remainder when 1779 is divided by 210.
99
Calculate the remainder when 411 is divided by 127.
30
What is the remainder when 5177 is divided by 74?
71
What is the remainder when 255 is divided by 44?
35
What is the remainder when 2202 is divided by 35?
32
What is the remainder when 65 is divided by 7?
2
What is the remainder when 103 is divided by 13?
12
Calculate the remainder when 158 is divided by 142.
16
What is the remainder when 772 is divided by 111?
106
Calculate the remainder when 453 is divided by 165.
123
Calculate the remainder when 109 is divided by 48.
13
Calculate the remainder when 4027 is divided by 26.
23
What is the remainder when 2335 is divided by 41?
39
Calculate the remainder when 3926 is divided by 6.
2
Calculate the remainder when 257 is divided by 128.
1
What is the remainder when 1727 is divided by 117?
89
What is the remainder when 53 is divided by 15?
8
What is the remainder when 138 is divided by 10?
8
Calculate the remainder when 323 is divided by 137.
49
What is the remainder when 490 is divided by 481?
9
Calculate the remainder when 221 is divided by 105.
11
What is the remainder when 2099 is divided by 78?
71
Calculate the remainder when 329 is divided by 10.
9
Calculate the remainder when 189 is divided by 104.
85
Calculate the remainder when 265 is divided by 7.
6
What is the remainder when 402 is divided by 14?
10
What is the remainder when 200 is divided by 83?
34
Calculate the remainder when 764 is divided by 75.
14
What is the remainder when 1052 is divided by 34?
32
Calculate the remainder when 1245 is divided by 21.
6
Calculate the remainder when 115 is divided by 42.
31
What is the remainder when 290 is divided by 30?
20
What is the remainder when 1896 is divided by 90?
6
What is the remainder when 65 is divided by 3?
2
Calculate the remainder when 54 is divided by 20.
14
Calculate the remainder when 111 is divided by 72.
39
What is the remainder when 1160 is divided by 82?
12
What is the remainder when 2696 is divided by 71?
69
What is the remainder when 1690 is divided by 15?
10
Calculate the remainder when 4877 is divided by 148.
141
What is the remainder when 221 is divided by 96?
29
Calculate the remainder when 115 is divided by 85.
30
Calculate the remainder when 422 is divided by 147.
128
Calculate the remainder when 436 is divided by 145.
1
Calculate the remainder when 46 is divided by 6.
4
Calculate the remainder when 1355 is divided by 16.
11
Calculate the remainder when 183 is divided by 69.
45
What is the remainder when 559 is divided by 70?
69
What is the remainder when 119 is divided by 3?
2
Calculate the remainder when 149 is divided by 13.
6
Calculate the remainder when 77 is divided by 44.
33
What is the remainder when 2107 is divided by 526?
3
What is the remainder when 8 is divided by 2?
0
Calculate the remainder when 445 is divided by 56.
53
Calculate the remainder when 71 is divided by 46.
25
What is the remainder when 78 is divided by 36?
6
What is the remainder when 984 is divided by 34?
32
What is the remainder when 75 is divided by 11?
9
What is the remainder when 151 is divided by 27?
16
Calculate the remainder when 1262 is divided by 21.
2
What is the remainder when 177 is divided by 60?
57
What is the remainder when 616 is divided by 34?
4
Calculate the remainder when 224 is divided by 77.
70
Calculate the remainder when 1271 is divided by 25.
21
Calculate the remainder when 9357 is divided by 78.
75
Calculate the remainder when 24117 is divided by 72.
69
What is the remainder when 263 is divided by 102?
59
What is the remainder when 3449 is divided by 10?
9
Calculate the remainder when 425 is divided by 46.
11
What is the remainder when 3957 is divided by 36?
33
What is the remainder when 13867 is divided by 19?
16
Calculate the remainder when 249 is divided by 68.
45
What is the remainder when 178 is divided by 45?
43
What is the remainder when 3185 is divided by 635?
10
What is the remainder when 148 is divided by 31?
24
What is the remainder when 191 is divided by 188?
3
What is the remainder when 66 is divided by 49?
17
Calculate the remainder when 91 is divided by 46.
45
Calculate the remainder when 1135 is divided by 8.
7
Calculate the remainder when 1211 is divided by 81.
77
What is the remainder when 28 is divided by 5?
3
Calculate the remainder when 1008 is divided by 22.
18
Calculate the remainder when 562 is divided by 54.
22
What is the remainder when 322 is divided by 107?
1
Calculate the remainder when 273 is divided by 12.
9
Calculate the remainder when 349 is divided by 50.
49
What is the remainder when 117 is divided by 31?
24
What is the remainder when 273 is divided by 73?
54
What is the remainder when 1066 is divided by 67?
61
Calculate the remainder when 507 is divided by 98.
17
What is the remainder when 147 is divided by 30?
27
Calculate the remainder when 5143 is divided by 62.
59
What is the remainder when 81 is divided by 1?
0
What is the remainder when 82 is divided by 21?
19
What is the remainder when 74033 is divided by 83?
80
Calculate the remainder when 145 is divided by 62.
21
Calculate the remainder when 243 is divided by 124.
119
Calculate the remainder when 827 is divided by 64.
59
What is the remainder when 1853 is divided by 142?
7
Calculate the remainder when 6 is divided by 5.
1
What is the remainder when 4874 is divided by 80?
74
What is the remainder when 53 is divided by 19?
15
